-3
Let i(k) = -6*k + 59. Give i(7).
17
Let h(s) = s**3 + 7*s**2 - 21*s - 21. Calculate h(-9).
6
Let a(d) = 2*d**3 + 15*d**2 + d - 4. What is a(-7)?
38
Let x(f) = 3*f + 20. Calculate x(-9).
-7
Let u(l) = 2*l**2 - 14*l - 40. What is u(-3)?
20
Let k(z) = -2*z**2 + 18*z - 37. Calculate k(5).
3
Let h(a) = -a**2 - 18*a + 1. Calculate h(-18).
1
Let u(l) = -22*l + 108. Calculate u(4).
20
Let p(o) = -o**2 + 10*o + 2. What is p(6)?
26
Let h(z) = -2*z**2 - 3*z + 1. Give h(-2).
-1
Let f(p) = 2*p**3 - 35*p**2 - 16*p + 1. Calculate f(18).
37
Let z(l) = -l - 6. Determine z(9).
-15
Let v(h) = -3*h**2 + 6*h + 10. Give v(-4).
-62
Let c(y) = y**2 - 7*y. What is c(6)?
-6
Let t(v) = -4*v**2 - 20*v + 1. Calculate t(-5).
1
Let d(f) = f**2 - 22*f + 18. Calculate d(18).
-54
Let o(f) = -2*f**2 - 10*f + 96. Give o(-10).
-4
Let o(k) = -k**2 - 12*k + 18. Give o(-12).
18
Let y(n) = n**3 - 4*n**2 - 2*n + 4. Determine y(3).
-11
Let c(t) = t**2 + 16*t - 14. Calculate c(-12).
-62
Let c(u) = -u**2 - 6*u - 8. Calculate c(-5).
-3
Let t(p) = -8*p + 2. What is t(1)?
-6
Let n(g) = -g**3 + 4*g**2 + 3*g - 2. Give n(4).
10
Let b(n) = 2*n + 6. Calculate b(-7).
-8
Let a(s) = -2*s**3 + 8*s**2 + 6*s - 19. Give a(4).
5
Let h(y) = -y**3 - 10*y**2 - 13*y - 11. Calculate h(-8).
-35
Let j(s) = s**3 + 27*s**2 - 89*s + 32. Give j(-30).
2
Let q(s) = s**3 + 11*s**2 + 10*s + 19. Calculate q(-10).
19
Let q(u) = -5*u**3 + u**2. What is q(-2)?
44
Let v(u) = 4*u**2 + 7*u + 7. Determine v(-1).
4
Let d(t) = 7*t - 5. Calculate d(3).
16
Let t(o) = o**2 - 20*o + 54. Give t(12).
-42
Let i(l) = 2*l - 12. Give i(-10).
-32
Let x(t) = t**3 - 10*t**2 + 5*t + 5. Determine x(8).
-83
Let x(l) = -l**3 - 9*l**2 - 14*l - 2. Give x(-7).
-2
Let w(h) = h**3 + 2*h**2 - 2*h - 13. Give w(0).
-13
Let t(i) = i**2 + 15*i + 48. What is t(-4)?
4
Let a(f) = -7*f - 107. Determine a(-15).
-2
Let i(b) = b**2 + 9*b + 1. Determine i(-9).
1
Let q(g) = 2*g**2 - 1. Calculate q(1).
1
Let l(d) = -d**3 - 11*d**2 - 4*d - 7. Determine l(-11).
37
Let c(j) = -2*j**3 - 3*j**2 - 3*j - 3. Give c(-2).
7
Let n(g) = -g + 11. Determine n(-9).
20
Let z(v) = -v**3 + 8*v**2 - 4*v + 8. Give z(5).
63
Let b(p) = -2*p**2 - p + 5. Calculate b(2).
-5
Let g(z) = -2*z**3 - 167*z**2 + 83*z - 81. Calculate g(-84).
3
Let c(z) = 4*z + 1. Determine c(-5).
-19
Let y(s) = 9*s + 13. Give y(-17).
-140
Let j(g) = g**3 - 5*g**2 - 4*g - 5. Give j(5).
-25
Let b(j) = j**3 + 8*j**2 - 2. Determine b(-8).
-2
Let i(d) = d**2 - 9*d - 18. Calculate i(10).
-8
Let w(g) = -g**3 - 6*g**2 - 5*g - 4. Determine w(-5).
-4
Let g(s) = -2*s - 9. Determine g(6).
-21
Let k(v) = v**3 - 19*v**2 - 19*v - 5. What is k(20)?
15
Let k(p) = p**2 - 8*p + 6. Give k(2).
-6
Let b(t) = t**2 + 6*t + 1. Give b(-6).
1
Let l(g) = -g**3 - 9*g**2 - 5*g - 22. Determine l(-9).
23
Let t(m) = 58*m - 580. Determine t(10).
0
Let b(j) = -2*j + 41. Determine b(-14).
69
Let g(t) = 4*t + 1. Give g(1).
5
Let c(l) = -17*l - 2. What is c(-1)?
15
Let b(w) = -w**2 + 9*w - 7. Determine b(11).
-29
Let h(o) = o**3 + 13*o**2 - 3*o - 16. Give h(-13).
23
Let c(d) = -d**2 + 4*d - 6. Calculate c(0).
-6
Let d(a) = 2*a**2 + 40*a + 97. Determine d(-17).
-5
Let x(l) = -18*l**2 + 7*l - 4. Determine x(2).
-62
Let c(s) = -4*s**3 + 10*s**2 - 13*s - 2. Determine c(2).
-20
Let c(g) = -g**3 - 3*g - 3. Calculate c(-3).
33
Let u(i) = -i**2 + i - 3. What is u(-4)?
-23
Let m(s) = s - 16. Determine m(15).
-1
Let t(x) = -10*x**2 - 75*x - 11. Calculate t(-7).
24
Let b(c) = c - 23. Determine b(11).
-12
Let s(v) = -v - 8. Determine s(14).
-22
Let w(a) = 35*a**3 - 2*a**2 + 2*a - 1. What is w(1)?
34
Let z(t) = -t**3 + 30*t**2 + 30*t + 25. What is z(31)?
-6
Let k(c) = 4*c + 10. Determine k(9).
46
Let a(d) = d**3 + 22*d**2 + 38*d - 42. Calculate a(-20).
-2
Let u(h) = h + 64. Determine u(-22).
42
Let n(w) = 10*w**3 + 6*w**2 - 7*w. What is n(1)?
9
Let g(m) = m**3 - 8*m**2 + 8*m - 17. Determine g(7).
-10
Let h(f) = -f + 17. Determine h(7).
10
Let r(k) = -2*k + 32. Determine r(6).
20
Let t(c) = c**2 - 4*c - 11. What is t(-6)?
49
Let c(q) = q**2 + 22*q + 118. Calculate c(-11).
-3
Let x(m) = -m. Calculate x(-9).
9
Let d(c) = -c + 47. Give d(5).
42
Let t(n) = n**3 - 7*n**2 + 3*n + 2. What is t(6)?
-16
Let z(m) = m**2 - 4*m + 6. Calculate z(4).
6
Let a(z) = -z**3 + 9*z**2 - 3*z + 21. Calculate a(7).
98
Let h(p) = -p**3 - 4*p**2 - p - 2. Give h(-3).
-8
Let v(z) = 2*z**2 + 3*z + 1. What is v(4)?
45
Let t(y) = -y**2 - 6*y + 56. What is t(7)?
-35
Let m(k) = 4*k - 5. Determine m(4).
11
Let v(x) = x**3 + 8*x**2 - 4*x - 25. Calculate v(-8).
7
Let z(n) = n**3 + 6*n**2 - 4*n + 4. Determine z(-6).
28
Let y(z) = -2*z + 20. Give y(6).
8
Let s(i) = -2*i**3 + 17*i**2 - 9*i + 7. Give s(8).
-1
Let v(j) = 46*j + 10. Give v(-2).
-82
Let i(m) = 25*m - 373. Calculate i(15).
2
Let c(x) = 2*x**2 - 75*x + 36. Give c(37).
-1
Let u(i) = i**2 - 32*i + 28. Calculate u(31).
-3
Let f(t) = -t**2 - t + 2. Determine f(-2).
0
Let v(k) = -k**2 + 8*k + 27. Calculate v(10).
7
Let w(o) = -o**3 - 9*o**2 - 8*o + 8. Give w(-8).
8
Let u(o) = -3*o + 28. Give u(12).
-8
Let m(y) = -y**3 - 15*y**2 + 13*y - 26. What is m(-16)?
22
Let u(i) = -i**2 - 18*i - 29. Calculate u(-13).
36
Let s(q) = -q + 40. Calculate s(20).
20
Let t(h) = -7*h + 45. Give t(3).
24
Let d(o) = 25*o - 16. Calculate d(4).
84
Let h(g) = -6*g - 3. Determine h(-6).
33
Let k(h) = -h**3 - 7*h**2 - h - 13. Calculate k(-7).
-6
Let x(j) = 2*j**3 - 29*j**2 + 12*j + 19. Give x(14).
-9
Let z(r) = r + 4. What is z(13)?
17
Let j(h) = h**2 + 2*h - 12. What is j(-5)?
3
Let b(f) = -2*f - 3. Give b(5).
-13
Let r(m) = m**3 - 6*m**2 - 5*m - 8. Give r(7).
6
Let z(s) = -s**3 + 8*s**2 + 20*s + 1. What is z(10)?
1
Let s(y) = y + 21. Calculate s(-20).
1
Let i(l) = -l**3 - 22*l**2 + 22*l + 57. Calculate i(-23).
80
Let b(i) = 2*i**2 - 111*i - 199. Give b(57).
-28
Let h(m) = m**2 + 3*m. Give h(-6).
18
Let r(g) = 3*g - 5. Give r(7).
16
Let u(f) = f**2 + 21*f + 79. Determine u(-17).
11
Let j(z) = -2*z**2 - 18*z - 24. Calculate j(-6).
12
Let h(p) = -p**2 - 7*p - 1. What is h(-5)?
9
Let p(h) = h - 14. Determine p(0).
-14
Let l(a) = 2*a**2 - 20*a + 6. What is l(9)?
-12
Let p(m) = -m**3 + 11*m**2 + 4*m - 18. Calculate p(11).
26
Let l(b) = b**3 + 10*b**2 + 7*b - 10. Determine l(-8).
62
Let j(o) = -o**3 + 8*o**2 + 11*o - 15. Determine j(9).
3
Let n(u) = -16*u - 5. Give n(-2).
27
Let g(o) = -o**2 - 5*o - 1. Calculate g(-5).
-1
Let z(h) = 2*h - 15. Calculate z(3).
-9
Let r(l) = -l**3 - 3*l**2 + 7*l + 5. Determine r(-4).
-7
Let x(s) = 31*s + 183. What is x(-6)?
-3
Let j(d) = d - 18. Determine j(11).
-7
Let p(a) = a**2 - 10*a - 12. Calculate p(11).
-1
Let x(i) = -2*i**3 + i + 3. Give x(0).
3
Let o(y) = 2*y**3 + 6*y**2 + y - 2. Calculate o(-4).
-38
Let a(o) = -2*o + 12. Determine a(13).
-14
Let w(b) = b + 11. Determine w(-16).
-5
Let d(r) = r**2 - 23*r + 44. Determine d(21).
2
Let m(j) = -2*j + 50. Give m(26).
-2
Let w(x) = 3*x**2 + 64*x + 18. Determine w(-21).
-3
Let w(f) = -4*f - 23. Give w(-6).
1
Let u(x) = -2*x + 47. Determine u(19).
9
Let p(y) = -y**2 - 7*y - 8. Determine p(-6).
-2
Let a(p) = p**2 + 37*p - 170. Calculate a(4).
-6
Let w(q) = q**2 + 8*q + 6. Determine w(-5).
-9
Let v(m) = 14*m - 23. What is v(2)?
5
Let u(v) = 6*v - 77. Determine u(11).
-11
Let p(o) = -o**3 + 7*o**2 - 2*o + 5. Calculate p(7).
-9
Let i(r) = r**2 - 9. Determine i(5).
16
Let r(y) = y + 37. What is r(-28)?
9
Let b(a) = a - 37. Give b(0).
-37
Let v(m) = 6*m + 279. Calculate v(-47).
-3
Let o(n) = n - 18. Determine o(7).
-11
Let w(p) = 3*p**2 - 93*p - 13. Calculate w(31).
-13
Let t(i) = -i**2 - 4*i + 89. Determine t(-11).
12
Let o(p) = p**2 - 6. Give o(-3).
3
Let b(y) = -13*y + 15. Determine b(5).
-50
Let d(u) = u**3 + u**2 - 14*u - 7. What is d(0)?
-7
Let o(d) = -13*d + 58. Determine o(5).
-7
Let d(z) = -z**3 + 8*z**2 - z + 5. What is d(8)?
-3
Let h(j) = j**3 + 11*j**2 + 23*j + 11. Calculate h(-9).
-34
Let x(a) = a**3 - 8*a**2 - 10*a + 13. Determine x(9).
4
Let c(u) = u**2 + 5*u + 11. Determine c(-6).
17
Let g(q) = 6*q - 51. Determine g(19).
63
Let r(z) = 2*z - 20. Determine r(13).
6
Let z(r) = r**3 + 9*r**2 - 4*r - 16. What is z(-8)?
80
Let j(p) = -p**2 + 89*p - 654. Determine j(81).
-6
Let i(f) = 15*f + 182. What is i(-11)?
17
Let n(a) = -a**3 - 14*a**2 - 12*a + 15. Determine n(-13).
2
Let m(d) = 